{"id":11,"date":"2023-04-14T20:24:47","date_gmt":"2023-04-14T20:24:47","guid":{"rendered":"http:\/\/www.u329066.stronazen.pl\/?page_id=11"},"modified":"2023-04-15T15:26:42","modified_gmt":"2023-04-15T15:26:42","slug":"o-nas","status":"publish","type":"page","link":"http:\/\/www.u329066.stronazen.pl\/?page_id=11","title":{"rendered":"O Nas"},"content":{"rendered":"<div class=\"wp-block-group alignfull has-background-secondary-background-color has-background is-layout-constrained wp-container-core-group-is-layout-4 wp-block-group-is-layout-constrained\" style=\"padding-top:100px;padding-right:20px;padding-bottom:100px;padding-left:20px\"><div class=\"wp-block-columns alignwide is-layout-flex wp-container-core-columns-is-layout-1 wp-block-columns-is-layout-flex\"><div class=\"wp-block-column is-layout-flow wp-block-column-is-layout-flow\"><div class=\"wp-block-group animated animated-fadeInUp is-layout-flow wp-block-group-is-layout-flow\"><figure class=\"wp-block-image size-large has-custom-border  no-margin\"><img loading=\"lazy\" decoding=\"async\" width=\"1024\" height=\"1024\" src=\"http:\/\/www.u329066.stronazen.pl\/wp-content\/uploads\/2023\/04\/find-you-art-obraz-na-zamowienie-abstrakcja-kolorowa-small-1024x1024.jpg\" alt=\"\" class=\"wp-image-98\" style=\"border-radius:0px\" srcset=\"http:\/\/www.u329066.stronazen.pl\/wp-content\/uploads\/2023\/04\/find-you-art-obraz-na-zamowienie-abstrakcja-kolorowa-small-1024x1024.jpg 1024w, http:\/\/www.u329066.stronazen.pl\/wp-content\/uploads\/2023\/04\/find-you-art-obraz-na-zamowienie-abstrakcja-kolorowa-small-300x300.jpg 300w, http:\/\/www.u329066.stronazen.pl\/wp-content\/uploads\/2023\/04\/find-you-art-obraz-na-zamowienie-abstrakcja-kolorowa-small-150x150.jpg 150w, http:\/\/www.u329066.stronazen.pl\/wp-content\/uploads\/2023\/04\/find-you-art-obraz-na-zamowienie-abstrakcja-kolorowa-small-768x768.jpg 768w, http:\/\/www.u329066.stronazen.pl\/wp-content\/uploads\/2023\/04\/find-you-art-obraz-na-zamowienie-abstrakcja-kolorowa-small.jpg 1200w\" sizes=\"(max-width: 1024px) 100vw, 1024px\" \/><\/figure><\/div><\/div>\n\n<div class=\"wp-block-column is-vertically-aligned-center is-layout-flow wp-block-column-is-layout-flow\" style=\"padding-top:0px;padding-right:40px;padding-left:40px\"><div class=\"wp-block-group alignwide is-layout-constrained wp-container-core-group-is-layout-3 wp-block-group-is-layout-constrained\"><div class=\"wp-block-group animated animated-fadeInUp is-nowrap is-layout-flex wp-container-core-group-is-layout-2 wp-block-group-is-layout-flex\"><\/div>\n\n<h2 class=\"wp-block-heading animated animated-fadeInUp has-slider-title-font-size\" style=\"line-height:1.2\">Znajd\u017a Siebie! Znajd\u017a Sztuk\u0119! <\/h2>\n\n<p>Specjalizujemy si\u0119 w r\u00f3\u017cnych technikach malarskich, rysunkowych i przestrzennych. Sztuka to element naszego \u017cycia. Od lat szkolnych szukali\u015bmy mo\u017cliwo\u015bci rozwoju w tej dziedzinie \u017cycia. Chcemy sprawia\u0107 ludziom rado\u015b\u0107 nasz\u0105 prac\u0105.<\/p>\n\n<p>Malujemy g\u0142\u00f3wnie na zam\u00f3wienie, ale cz\u0119\u015b\u0107 naszych obraz\u00f3w mo\u017cesz kupi\u0107 w naszym sklepie \ud83d\ude42 Zale\u017cy nam na tym, aby ka\u017cde dzie\u0142o, kt\u00f3re wyjdzie spod naszych r\u0105k, by\u0142o oryginalne, a klient mia\u0142 pewno\u015b\u0107, \u017ce obraz zdobi\u0105cy jego wn\u0119trze jest jedyny i niepowtarzalny. Wszystkie prace, jakie tworzymy, otrzymuj\u0105 certyfikat potwierdzaj\u0105cy autora, technik\u0119 wykonania wraz z informacj\u0105 o zabezpieczeniach.<\/p>\n\n<p>Tworzymy zesp\u00f3\u0142 artyst\u00f3w, tworzymy razem pod jednym szyldem i jednym mottem \u201eZnajd\u017a Siebie! Znajd\u017a Sztuk\u0119!\u201d<\/p>\n\n<div class=\"wp-block-buttons animated animated-fadeInUp is-content-justification-left is-layout-flex wp-container-core-buttons-is-layout-1 wp-block-buttons-is-layout-flex\" style=\"margin-top:35px;margin-bottom:20px\"><div class=\"wp-block-button is-style-fill\"><a class=\"wp-block-button__link has-background-color has-purple-background-color has-text-color has-background wp-element-button\" href=\"#\" style=\"border-radius:5px;padding-top:10px;padding-right:35px;padding-bottom:10px;padding-left:35px\"><strong>Zobacz nasze obrazy<\/strong><\/a><\/div><\/div><\/div><\/div><\/div><\/div>","protected":false},"excerpt":{"rendered":"<p>Znajd\u017a Siebie! Znajd\u017a Sztuk\u0119! Specjalizujemy si\u0119 w r\u00f3\u017cnych technikach malarskich, rysunkowych i przestrzennych. Sztuka to element naszego \u017cycia. Od lat szkolnych szukali\u015bmy mo\u017cliwo\u015bci rozwoju w tej dziedzinie \u017cycia. Chcemy sprawia\u0107 [&hellip;]<\/p>\n","protected":false},"author":1,"featured_media":0,"parent":0,"menu_order":0,"comment_status":"closed","ping_status":"closed","template":"","meta":{"footnotes":""},"class_list":["post-11","page","type-page","status-publish","hentry"],"_links":{"self":[{"href":"http:\/\/www.u329066.stronazen.pl\/index.php?rest_route=\/wp\/v2\/pages\/11"}],"collection":[{"href":"http:\/\/www.u329066.stronazen.pl\/index.php?rest_route=\/wp\/v2\/pages"}],"about":[{"href":"http:\/\/www.u329066.stronazen.pl\/index.php?rest_route=\/wp\/v2\/types\/page"}],"author":[{"embeddable":true,"href":"http:\/\/www.u329066.stronazen.pl\/index.php?rest_route=\/wp\/v2\/users\/1"}],"replies":[{"embeddable":true,"href":"http:\/\/www.u329066.stronazen.pl\/index.php?rest_route=%2Fwp%2Fv2%2Fcomments&post=11"}],"version-history":[{"count":6,"href":"http:\/\/www.u329066.stronazen.pl\/index.php?rest_route=\/wp\/v2\/pages\/11\/revisions"}],"predecessor-version":[{"id":100,"href":"http:\/\/www.u329066.stronazen.pl\/index.php?rest_route=\/wp\/v2\/pages\/11\/revisions\/100"}],"wp:attachment":[{"href":"http:\/\/www.u329066.stronazen.pl\/index.php?rest_route=%2Fwp%2Fv2%2Fmedia&parent=11"}],"curies":[{"name":"wp","href":"https:\/\/api.w.org\/{rel}","templated":true}]}}